at is -10 - 1101000100010111000011?
-1101000100010111000101
In base 7, what is 1 - -113564505?
113564506
In base 9, what is 31 - 43316?
-43275
In base 5, what is -30 + -232432?
-233012
In base 13, what is 2107825 + 1?
2107826
In base 16, what is -12 - -168e6c8?
168e6b6
In base 15, what is -2 - -47bbba?
47bbb8
In base 3, what is 10102000 + -102202101?
-22100101
In base 12, what is 5 - 105076?
-105071
In base 12, what is 230669 + -20b?
23045a
In base 14, what is 11872 - -19c?
11a30
In base 7, what is -1 - -5652635?
5652634
In base 2, what is -100010010111001101 + 1000101011?
-100010001110100010
In base 15, what is 1 - 101570?
-10156e
In base 11, what is 643 - -999a?
a532
In base 16, what is -1aece0 - 1a0?
-1aee80
In base 13, what is -18234c + -52?
-1823a1
In base 16, what is 40de - 4111?
-33
In base 6, what is -11413354 - 0?
-11413354
In base 14, what is -1 - -1c2aab8?
1c2aab7
In base 6, what is -123101 + -115042?
-242143
In base 11, what is -418 - 680231?
-680649
In base 15, what is -1e91 - 1cb1?
-3c52
In base 9, what is -67218310 + 25?
-67218274
In base 11, what is -1181365 + 0?
-1181365
In base 4, what is 320023030011 - -13?
320023030030
In base 7, what is 13 + 30560350?
30560363
In base 9, what is 282747358 + 0?
282747358
In base 9, what is -5536 - -624?
-4812
In base 9, what is 7177153 + 118?
7177272
In base 2, what is 11100110111000011 - -100101000001?
11101011100000100
In base 12, what is -3b + 174b27?
174aa8
In base 8, what is -171 + 1725076?
1724705
In base 8, what is -4301 + -40032?
-44333
In base 6, what is 13151014 - -52?
13151110
In base 12, what is -755 + -5018?
-5771
In base 9, what is 1837 - -11501?
13438
In base 9, what is -1308067 + -77?
-1308155
In base 7, what is 1161 + 11023313?
11024504
In base 10, what is -3093076 + 130?
-3092946
In base 8, what is 15656514 - 1?
15656513
In base 14, what is -d5ca - -d7?
-d4d3
In base 15, what is 2e619 - -4e9?
2eb13
In base 14, what is -1a77 - -2c48c?
2a815
In base 3, what is 0 - 121120022211001?
-121120022211001
In base 3, what is -1111020212 - 1000212?
-1112021201
In base 6, what is 21514401422 + -2?
21514401420
In base 14, what is 84d22 + -6b7?
84649
In base 13, what is 77c - -203046?
2037c5
In base 9, what is 2 + -774744763?
-774744761
In base 4, what is -23 - -2330030331?
2330030302
In base 7, what is 6 - -100142045?
100142054
In base 8, what is 120 + 33162?
33302
In base 15, what is 1 + ba617?
ba618
In base 3, what is 122101 - -2000002221?
2000202022
In base 9, what is -301065541 - 0?
-301065541
In base 14, what is 1a5 + 1b4?
379
In base 2, what is -1 + 100101000010101111011011?
100101000010101111011010
In base 8, what is 475522302 - 1?
475522301
In base 15, what is -6c87b4c + 5?
-6c87b47
In base 4, what is -3 + -232231231?
-232231300
In base 10, what is 262 - 30677?
-30415
In base 13, what is 1 + -140b746?
-140b745
In base 8, what is -4 - 10027537?
-10027543
In base 16, what is -380 - -11e0a?
11a8a
In base 11, what is -4 + 13428772?
13428769
In base 16, what is -3c43 + 1d3?
-3a70
In base 13, what is 15166 + -7b?
150b8
In base 2, what is 0 - 1000000101111100001100101?
-1000000101111100001100101
In base 6, what is -11414251 + 20?
-11414231
In base 2, what is 10000000011 + 1100010111000?
1110010111011
In base 7, what is 2124 - -1616?
4043
In base 7, what is 4 + -165460602?
-165460565
In base 7, what is -456624 + 4442?
-452152
In base 11, what is -17 + -2aa60a?
-2aa626
In base 16, what is -7bb - -d6f8?
cf3d
In base 7, what is 0 + 2463111162?
2463111162
In base 13, what is -595b + 8753?
2ac5
In base 14, what is -c2 - -1dcd1d?
1dcc3b
In base 6, what is -2 - 200053452?
-200053454
In base 2, what is 1010011 + -10000110101110100011?
-10000110101101010000
In base 4, what is 321121322022133 + -2?
321121322022131
In base 9, what is -46416407 - 2?
-46416410
In base 14, what is 64 + -3988b?
-39827
In base 5, what is -31202 + 13042403?
13011201
In base 15, what is -eb4d01 + -3?
-eb4d04
In base 8, what is 107035 - -1451?
110506
In base 10, what is -742 + -403070?
-403812
In base 14, what is 3b53 + 4d00?
8a53
In base 5, what is -102210 - 231?
-102441
In base 6, what is -1313 - -15351340?
15350023
In base 5, what is 320 - -224344421?
224400241
In base 15, what is 3014 + c7?
30db
In base 16, what is 1885a98 + 4?
1885a9c
In base 6, what is -1310 - -12352302?
12350552
In base 15, what is 52bb8 + a7?
52c70
In base 12, what is -24928a - -116?
-249174
In base 13, what is -12205b89 - -2?
-12205b87
In base 4, what is 11300212011120 + 12?
11300212011132
In base 11, what is 26a4a - -3a8a?
2aa29
In base 7, what is -32510362 - -66?
-32510263
In base 5, what is 1043040 - 22024?
1021011
In base 7, what is 202551150 - 200?
202550650
In base 7, what is 315 + -1220162?
-1216544
In base 12, what is 6397730 - -3?
6397733
In base 2, what is -1010001 + 10001100111011010100110?
10001100111011001010101
In base 3, what is 2110110201000 + 11?
2110110201011
In base 13, what is 33 - 2a628?
-2a5c5
In base 3, what is 1212 - -201102111200?
201102120112
In base 15, what is 44b6ad0 + -12?
44b6abd
In base 4, what is 113220013 - -120223?
120000302
In base 2, what is 1 - 10010100101100100001100?
-10010100101100100001011
In base 7, what is -261053 + 365?
-260355
In base 14, what is 14a33 + 209?
14c3c
In base 15, what is 372 - a2cac?
-a293a
In base 10, what is -104523 + -1828?
-106351
In base 8, what is -636250 + -46?
-636316
In base 2, what is 0 - -11000100000101001011?
11000100000101001011
In base 4, what is -333001 - -200000?
-133001
In base 2, what is 11 + 101111101001011111101?
101111101001100000000
In base 8, what is -44 - -1522114?
1522050
In base 6, what is -403040 - -1422?
-401214
In base 2, what is -110010100100011 + -1100110111011?
-111111011011110
In base 7, what is -265241 + 600?
-264341
In base 4, what is -2200313321233 - 3?
-2200313321302
In base 2, what is -111010001111111101110 - -1100?
-111010001111111100010
In base 11, what is 4530 - -5a6a?
a49a
In base 4, what is -1020233113030 + -21?
-1020233113111
In base 8, what is 13147351 - 11?
13147340
In base 4, what is 12 - -32330330001?
32330330013
In base 9, what is 3 + -200535645?
-200535642
In base 11, what is -118959969 + 4?
-118959965
In base 9, what is 5 - -10137407?
10137413
In base 16, what is 29a9ee8 + 4?
29a9eec
In base 7, what is 50 + 2452236?
2452316
In base 6, what is 253 - -201?
454
In base 4, what is -310201 + -210120?
-1120321
In base 7, what is 1 + 323236531?
323236532
In base 6, what is -150013 - 1534?
-151551
In base 2, what is 10010100011111111 + 100011?
10010100100100010
In base 9, what is -1 - 355744113?
-355744114
In base 2, what is -1111 - -1100001001011100?
1100001001001101
In base 8, what is 30 - -171776465?
171776515
In base 2, what is 10 + -100011110001110000111?
-100011110001110000101
In base 5, what is -34000 + 1312210?
1223210
In base 6, what is -21 + -14541404?
-14541425
In base 15, what is -5 + 120e4d?
120e48
In base 15, what is 35 + 7cc?
812
In base 13, what is 1524 + 24673?
25b97
In base 7, what is -241 - -10516612?
10516341
In base 15, what is -1da4369 + -10?
-1da4379
In base 11, what is 0 - -263543?
263543
In base 7, what is -316 - 2033412?
-2034031
In base 11, what is 12 - -13465530?
13465542
In base 12, what is -7 - 2619718?
-2619723
In base 9, what is 7 + -566851?
-566843
In base 5, what is -314420 + -4220344?
-10040314
In base 2, what is 1001010100011 + 11010011010011?
100011101110110
In base 15, what is -143b + 43?
-13e8
In base 11, what is 3 - -1a17327a?
1a173282
In base 6, what is 23030411000 - -1?
23030411001
In base 5, what is -20410 - 1133111?
-1204021
In base 15, what is -2813c13e + -1?
-2813c140
In base 12, what is -406a661 + -2?
-406a663
In base 6, what is -41435105 + 12?
-41435053
In base 15, what is 0 - -9a53a?
9a53a
In base 13, what is -95a7 + 135a?
-824a
In base 6, what is 112 - -14441401?
14441513
In base 3, what is 12211 + 200220122?
201010110
In base 9, what is 8722 + 531?
10353
In base 3, what is 1102021 + -11020011002?
-11011201211
In base 13, what is -1477 + 2a269?
28ac2
In base 14, what is cc9a0 - -13?
cc9b3
In base 13, what is -119311 - -23?
-1192bb
In base 13, what is 1ca53 - -4b6?
20239
In base 7, what is 2 + 26401256?
26401261
In base 5, what is -110313020 - -20?
-110313000
In base 4, what is 230323032 - 10